q**2 + 10*q - 9. Let y(h) = d(h) + 4*s(h). Is y(-9) composite?
False
Let i(d) = 858*d**3 - 2*d**2 - 4*d + 9. Is i(2) a prime number?
True
Let s(z) = -69*z - 13. Let c be s(-6). Suppose 0 = 2*w - w - c. Is w a prime number?
True
Let h = 10 + -8. Suppose h = -2*r - 2*l, r + 2*l + 3 + 3 = 0. Suppose r*j = 435 + 161. Is j a prime number?
True
Let m(q) = -6*q - 4. Suppose 0 = 4*w - 16. Suppose -w*y + 41 = -3*o, y - 2 = -2*o - 11. Is m(o) a prime number?
False
Let v(t) = -2*t**3 + 2*t**2 - 28*t - 3. Is v(-19) composite?
False
Let z(p) = -p**3 + 15*p**2 + 9*p + 6. Let k be -2*((-4)/(-2) + 247/(-38)). Is z(k) prime?
False
Let j(d) = -24*d**3 - 11*d**2 - 17*d - 11. Is j(-7) composite?
True
Suppose -2*r = 3*h - 5*h + 10, -2*r = -3*h + 12. Suppose 4*b = h*b. Suppose b = -p - 5*x + 686, 2*p = -3*x - 2*x + 1387. Is p a composite number?
False
Let t(l) = 4*l + 397. Is t(0) composite?
False
Suppose 5*c - 10111 = -5*y + 62959, -58459 = -4*y - 3*c. Is y a prime number?
False
Suppose -2*s = 6*s - 24. Suppose -s*z + 16 + 10 = -5*k, 2*k - 4 = 0. Let b(f) = f**3 - 7*f**2 + f + 11. Is b(z) a prime number?
True
Let d be (-85)/(7 - 2)*-2. Is 21/2*d/3 composite?
True
Suppose -c - 8 = 4*o, -1 - 11 = 3*c. Let i be -1 + 121 + 1 + o. Is (i - 1) + 0/(-1) prime?
False
Suppose 20*d - 83196 = 88124. Is d composite?
True
Let x(w) = 239*w + 37. Let y be x(-5). Let i = 401 - y. Is i a composite number?
False
Suppose 3*l + 4*n - 119343 = n, 4*l - 2*n - 159112 = 0. Is l a composite number?
False
Let d(x) = -9*x + 7. Let c be (-157)/(-3) - 6/18. Suppose 0 = 5*w - 2*h + c, 2*h = -7*w + 2*w - 48. Is d(w) prime?
True
Let c(y) = 6*y**2 + 10*y - 1. Suppose 0*l + 4 = -2*l, 4*l + 22 = -2*n. Is c(n) composite?
False
Suppose 6*v - v = -5*r + 145520, -12 = -4*r. Is v a composite number?
False
Let y be (-15)/6 - 1/2. Let r be 394*y/(-3) - -1. Suppose -3*c - 2*c = -r. Is c composite?
False
Let j = 60551 + -28368. Is j a composite number?
False
Suppose -18 = -2*d - 4. Suppose 234 = d*s - 3728. Is s composite?
True
Let j = -30 - -33. Suppose r + p - 592 = j*p, -2356 = -4*r + 4*p. Is r prime?
False
Let c(q) = -12455*q - 351. Is c(-6) a prime number?
False
Is (5908 + -2)*14/4 a prime number?
False
Suppose 4*q = 7*q. Let k(t) = 9*t + 1 - 30*t - 36*t + q. Is k(-2) composite?
True
Let d(c) = c**2 - c - 15. Is d(6) a prime number?
False
Let j(s) = 1423*s**2 + 15*s + 103. Is j(-5) a composite number?
False
Let u(m) be the second derivative of -m**6/120 - 3*m**5/40 + m**4/2 - 6*m. Let y(f) be the third derivative of u(f). Is y(-16) a prime number?
False
Let k(r) = -r**3 - 7*r**2 - 8*r - 12. Let h be k(-6). Suppose -3*c + 5*g + 1227 = 0, h = 2*g - 0*g. Is c a composite number?
False
Suppose -5*f = -2*f + f. Suppose f*j + 3074 = 2*j. Is j prime?
False
Suppose -5*r + 143*v + 276155 = 139*v, v = -4*r + 220945. Is r prime?
False
Let c = 69 - 70. Is (-2976 - -13)*1/c prime?
True
Let t(b) = -331*b + 164. Is t(-15) prime?
False
Is ((-4)/(-16))/(-1)*-124364 a composite number?
False
Let j(v) be the first derivative of -v**4/4 + 22*v**3/3 - 3*v**2 - 14*v - 1. Is j(7) prime?
False
Let v be (5/((-25)/(-2)))/(5/25). Is (3/v)/(9/18) + 116 a prime number?
False
Suppose 24 = 2*t + 2*t. Let f be ((-316)/t)/(3/72). Is (2/4)/((-8)/f) composite?
False
Suppose 2 = 5*u - 2*c, -c = -3*u + c + 2. Suppose 1 = 2*k + 2*o - 1, 4*k - o + 21 = u. Is (-3)/(k/44 + 0) prime?
False
Is (-1)/((30/(-412026))/5) composite?
True
Suppose 4*i = -5*p - 2, 6*p + 2 = -i + 4*p. Suppose -t - 5*m = -3569, -4*t + 10793 = i*m - 3447. Is t prime?
True
Let r(x) = -3*x**2 - 4*x - 4. Let h be r(6). Let q be 3/((-1)/(4/(-4))). Is (q/(-1))/(8/h) prime?
False
Let k(n) = -5*n**3 + 5*n**2 - 4*n - 2. Let f be k(2). Let z = f + 27. Is (-2909)/z + (-32)/(-24) a composite number?
False
Is 3/(-7) - (1 - 57882/14) a prime number?
True
Suppose 2*v - 7 = 2*g + 57, 79 = 2*v - 5*g. Suppose 137 - v = d. Is 2*d - (3 - 0) a prime number?
False
Suppose -4*g + 1399 + 4255 = -3*i, -4226 = -3*g - 5*i. Suppose 0 = 4*j - g - 216. Is j composite?
True
Let w(u) = 396*u - 7. Let b = 68 + -65. Is w(b) prime?
True
Let f(z) = -10*z + 4 + 3*z - 3*z - 13 + 6*z**2. Is f(5) a prime number?
False
Let k be 4/(-12)*50*(-2304)/15. Suppose 2956 + k = 4*s. Is s a composite number?
True
Let x(r) = -r**2 - 12*r + 5. Let v be x(-12). Suppose v*w = w. Let c(j) = -j**2 - j + 223. Is c(w) a composite number?
False
Suppose 24*l - 169223 = 81025. Is l prime?
True
Let x = 13 - 9. Let y(j) = -j**3 + 4*j**2 + 2*j - 3. Let c be y(x). Is (-8)/(-20) + 333/c a composite number?
False
Let y(t) = 2*t**3 - 1 + 2*t - 3*t**3 - t. Let h be y(-2). Suppose -1526 = -h*a - 51. Is a prime?
False
Let t = 36396 - 19313. Is t a composite number?
True
Let s be (-14 - -2) + (-10)/(-1 + -1). Suppose 2*c = -2*b + 5*b - 25, -b - 1 = 0. Is s/c - 2354/(-4) prime?
False
Let p = -9 - -13. Suppose -p*q = -q - 168. Suppose -4*j = 2*d + 3*d - q, -8 = 2*d. Is j a prime number?
True
Is 2 - 5265/(3 - 6) a prime number?
False
Let d(c) = -2*c**3 + 3*c**2 + 3*c + 1. Let u be d(-2). Suppose -2931 = -u*s + 20*s. Is s a composite number?
False
Suppose -33 + 168 = 5*p. Let z be 51/p + 2/18. Suppose -3 = z*h - 133. Is h a composite number?
True
Suppose -13*k = -12*k - 240. Suppose -5*s + k = f - 0*s, -f + 4*s + 285 = 0. Is f a composite number?
True
Suppose -11*j + 59 + 18 = 0. Suppose j*y = 4*y + 1515. Is y composite?
True
Suppose z + 637 = 153. Let d = -193 - z. Is d a composite number?
True
Suppose -2*q - 2*x - 52 = -6*q, 2*x = 3*q - 40. Suppose 13507 = q*m + m. Is m composite?
False
Let w(d) = d**3 + 14*d**2 + 8*d + 19. Let i be w(-13). Suppose -l + 469 + i = 0. Is l composite?
True
Suppose 4*i + 23 + 49 = 0. Let n be (48/i)/((-1)/1278). Let y = -1651 + n. Is y prime?
False
Is 6502 + (-5 - (-12 - -4)) prime?
False
Is 219732/(-15)*(-5)/2 composite?
True
Suppose -3*q = -3*b + 54, 2*b + 3*q = -0*q + 21. Suppose -3*u - 5*a = -3418 - b, -4*a = 4*u - 4588. Is u a composite number?
False
Let z(w) be the first derivative of -5/4*w**4 + 5/3*w**3 + 1/2*w**2 - 7*w - 8. Is z(-4) prime?
True
Let m = 5844 - 1031. Is m composite?
False
Suppose -11712 = 3*t - 7*t - 2*d, 3*d = -6. Is t prime?
False
Let b(n) = 30*n**3 + 3*n**2 - 2*n + 14. Is b(5) a composite number?
True
Suppose -5*p + 1496 = m, -4*m + 0*p = 3*p - 6035. Is m a prime number?
True
Let o(w) = -w**3 + w**2 + 2*w + 4. Let x be o(0). Is (-3182)/x*(-6)/3 prime?
False
Let c = 51 + -103. Let s be 9092/c + (-4)/26. Let p = 432 + s. Is p a composite number?
False
Suppose -t = a + 4*a - 10291, 4*a - t - 8240 = 0. Is a prime?
False
Let f(s) = 1. Let c(v) = 11*v - 7. Let r(w) = -45*w + 27. Let i(k) = -9*c(k) - 2*r(k). Let d(b) = 4*f(b) + i(b). Is d(-6) composite?
False
Let w(v) = -324*v + 1. Let p(u) = -u**2 + 15*u - 16. Let l be p(15). Let o = l - -13. Is w(o) composite?
True
Let l(m) = 26 - 52*m + 1 + 16*m. Let a(s) = 18*s - 13. Let b(t) = -13*a(t) - 6*l(t). Is b(-7) a composite number?
True
Let m(s) = -2*s**2 - 4. Let z be m(-2). Is (-280)/z*(-12)/(-8) prime?
False
Let a(n) = -7*n**2 + 8*n**2 + 2*n + 16 + 105. Is a(0) composite?
True
Let k(o) = -5 + 18*o**2 - 5*o - 7*o**2 + 4*o + 7*o. Is k(-6) prime?
False
Suppose -11379 = -k + 4*g, k + 122*g - 118*g - 11339 = 0. Is k a composite number?
True
Suppose -4*t + 3*j = 7, 2*t + 18 = 6*t + 2*j. Suppose 12 = t*q - 12. Suppose 4*w - 121 = -f, -2*f = 2*f + q. Is w a composite number?
False
Let i(c) = 12*c**2 - c - 40. Is i(7) a composite number?
False
Let n(d) = -d**2 + 7*d - 1. Let k be n(6). Suppose k*g - 454 = -2064. Let v = 509 + g. Is v composite?
True
Let g = -90148 - -180545. Is g prime?
True
Suppose 0 = 3*i + 5381 - 293. Is (i/6 - -3)*-15 composite?
True
Let u(o) = 15*o - 11. Let x be (-2 - 8/2)/1. Let w be u(x). Let m = w - -295. Is m composite?
True
Let m = 12314 + -3133. Is m a prime number?
True
Is 12603/7*70/15 a prime number?
False
Suppose 27*b - 178974 - 1396125 = 0. Is b a composite number?
False
Is (-347638 - 7)/(-5) + 4 a composite number?
True
Let u = 13 - 41. Let d be 107 + 7/(u/8). Let h = d - -58. Is h prime?
True
Suppose -2*v - n + 7 = 0, -9 + 0 = -v + 5*n. Suppose 12 = v*z - 5*k, -4*k - 9 = 3*z - 6*z. Is 80 - z/((-3)/2) prime?
False
Suppose 72 = -8*s + 10*s. Suppose j + 3*u = 32, 0*u + u - s = -j. Suppose 8*n - 6*n = j. Is n prime?
Tr